 m(v) = -v**3 - 4*v**2 - 4*v - 3. Let y be m(-3). Suppose y = 3*j - 0*j - 57. Let z = -16 + j. Let t(i) = i**2 - 6*i + 1. What is t(z)?
-8
Suppose 4 = 5*d - 2*d - 5*g, 3*g = -d - 8. Let b(o) be the second derivative of -o**4/4 - 2*o**3/3 - 3*o**2/2 - 60*o. What is b(d)?
-7
Suppose -k + 25 + 31 = 0. Suppose 4 = -3*m + 5*d, -5*d + 4 = 5*m - k. Let i(r) = r**3 - 8*r**2 + 5*r + 7. Calculate i(m).
-7
Let x(p) = p**2 + 2*p - 2. Suppose -13 = -3*a + 2*d - 4, -5*d = 5*a + 10. Suppose -o + 5 = -b - a, 2*o = -b. What is x(b)?
6
Let y be (-3)/(-4 - -2 - 1). Let j = y + 7. Suppose j = 3*o - 1. Let k(l) = -l**3 + 2*l**2 + l + 4. Give k(o).
-2
Let n(y) be the second derivative of y**5/24 - y**4/6 - y**3 + 16*y. Let b(z) be the second derivative of n(z). What is b(6)?
26
Let v(s) = -42*s**2 - 33*s**2 + 4 - 36*s**2 + 112*s**2 - 5*s. Determine v(4).
0
Let s(f) be the second derivative of -f**5/4 - f**4/6 + f**3/3 - f**2/2 + 10*f. Give s(1).
-6
Let z(g) = 14*g**2 + 1 + g**3 - 3*g**2 - 9*g**2 - 8*g**2 + 6*g. Suppose 9 + 16 = 5*w. Calculate z(w).
6
Let t(a) = -33*a - 74. Let z be t(-2). Let h(q) = -q + 5. Calculate h(z).
13
Let p = 206 + -200. Let d(c) be the first derivative of -4*c**2 + 1/4*c**4 + 5/3*c**3 + p + c. Give d(-6).
13
Let k(l) be the third derivative of l**6/120 + l**5/12 + l**4/6 - l**2. Let g be k(-4). Let o(z) = -5*z**2 + 63 - 29 + z - 27 + 0*z + 4*z**2. What is o(g)?
7
Let v(k) = -k**2 - k - 17. Suppose -4*o = x, -2*x + 3*o + o = 0. Determine v(x).
-17
Let y be (6*4/(-32))/((-8)/(-32)). Let v(o) = 6*o**2 + 0*o**2 + 5*o - 1 - 3*o**2 - 2*o**2. Calculate v(y).
-7
Let u(x) be the second derivative of 9*x + 0*x**2 - 8/3*x**3 + 0. What is u(1)?
-16
Let a(r) = 0*r + r**2 + 0 - 2*r + 1. Let o be ((-10)/(-15))/((-1)/((-12)/1)). Suppose -3*j + 1 = -o. What is a(j)?
4
Suppose -w - 2 = 3. Let i(h) be the third derivative of -h**4/24 + h**3/3 + 119*h**2. What is i(w)?
7
Let u(o) = 7*o**2 - 1. Let g(r) = -r**2 - 13*r - 1. Let n be g(-13). What is u(n)?
6
Let q = 52 + -45. Let z(k) = -k**3 + 6*k**2 + 5*k - 4. Give z(q).
-18
Let j(z) = -2*z - 20. Let y(h) = 6*h - 423. Let o be y(69). Calculate j(o).
-2
Let p(n) = -5*n - 2*n**2 + n - 1 + 2*n. Let x = 12 + -21. Let l = -11 - x. What is p(l)?
-5
Suppose -995*f = -987*f - 88. Let u(t) be the third derivative of -f*t**2 + 0*t**3 - 1/4*t**4 + 0 + 0*t. Give u(-3).
18
Let x(o) = -o - 6. Suppose -4*z + 8 = 4*r, -6*z = -7*z - 2. Suppose -2*b - 6 = r. What is x(b)?
-1
Let y = -27 + 46. Let u = 38 - y. Suppose 2*w = -5*p - u, p + 12 = -p - 3*w. Let b(q) = q**3 - 4*q. Give b(p).
-15
Suppose c + 2*v - 5 = -0, -5*c + 2*v + 13 = 0. Let f(k) = 5*k - c*k + 1 + k - 5*k. What is f(-1)?
3
Let h(y) = -10*y**3 + y. Let n(u) = -u - 6. Let i be n(-8). Suppose -i + 7 = 5*p. Let d be (7 - 6)/(p - 2). Determine h(d).
9
Let b(h) = -4 + 2*h**2 + 13*h - 3*h**2 + 4*h - 3*h. What is b(14)?
-4
Let s be (30/(-25))/(-6*2/440). Let q(h) = -s + 20 + h + 13 + 14. Let l be (1 - 2) + 2 + 2. Determine q(l).
6
Suppose 3*g + 2*j = 0, g + 0*j = 2*j + 8. Suppose -g*l + 3*l = 2*b - 9, 0 = 4*l - 5*b + 24. Let r(a) = -3*a**2 + 2*a + 1. What is r(l)?
-4
Let z(g) = g + 3. Let k(p) = -2*p - 15. Let n(u) = -k(u) - 3*z(u). Give n(11).
-5
Let t(r) be the first derivative of 2*r**2 + 2*r + 260. Give t(5).
22
Let z(b) = 3*b**2 - 5*b - 24. Let u(q) = q**2 - q + 1. Let p(i) = 2*u(i) - z(i). Let j(y) be the first derivative of p(y). Calculate j(-4).
11
Let l(c) = c**3 - 3*c**2 + 3*c - 1. Suppose 6*j - 94 = 4*j. Let m = 50 - j. Give l(m).
8
Let u be (9 + -2 - 15) + 4. Let s(y) = y**3 + 6*y**2 + y - 4. Give s(u).
24
Let f(j) be the third derivative of 0 + 1/360*j**6 + 0*j - 1/12*j**4 - 1/60*j**5 + 2*j**2 + 0*j**3. Let s(g) be the second derivative of f(g). Give s(2).
2
Let k(t) = 4*t - 3. Suppose -5*c = 20, -3*w + 10 = 3*c + 1. Suppose 2*g = w*g. Suppose -2*x + 7*x - 10 = g. Give k(x).
5
Suppose -6*u + 3 = -3*u. Let t(j) = -j**3 + 2*j - 1. Determine t(u).
0
Suppose 5*v - 2*t = t + 10, 2*t = 5*v - 10. Let g(x) = -6 - 3*x**2 - x**2 + 3*x**v. Suppose 0*a - 3*a = 0. Calculate g(a).
-6
Let j(a) be the third derivative of -a**6/360 + a**5/60 - a**4/24 + 8*a**3/3 - 36*a**2. Let y(r) be the first derivative of j(r). Determine y(-2).
-9
Let o(j) = -j**2 - 4*j - 1. Let g = -164 + 159. Give o(g).
-6
Let q(n) = 6*n - 53. Let m(w) = -7*w + 63. Let c(g) = 5*m(g) + 6*q(g). Suppose 2*v - 5*v - 15 = 0. Let b(i) = -2*i - 6. Let x be b(v). Give c(x).
1
Let s(a) = -a + 12. Suppose -19*y + 20*y = -1. Let k be (-5)/y*(9 - 8). What is s(k)?
7
Suppose 5*l + 15 = 0, -2*y = 3*y + 2*l - 4. Suppose -y*k + 5 = 1. Let x(n) = 10*n + 4*n**k - 7*n - 3*n**2 - 2*n**2. Determine x(5).
-10
Let d(y) = 88*y**2 + 19*y - 17. Let w(f) = 41*f**2 + 9*f - 8. Let u(p) = 6*d(p) - 13*w(p). Calculate u(1).
-6
Let z(p) = -21*p**3 - p - 1. Suppose -6*l - 3 = -7*l. Suppose l*s - 17 = 20*s. Determine z(s).
21
Let c(n) = -n**3 - 8*n**2 - 7*n. Suppose -14 - 2 = -2*b. Suppose 5*m + 55 = -3*r, 0 = 10*r - 6*r - 3*m + 54. Let q = r + b. Determine c(q).
0
Let c(d) = 2*d + 1. Let g be -4*(-4)/(-8) + -1. Let o be (2/(-4))/(g/24). Suppose -o*n + 3*y + 10 = 0, 3*n - 4*y - 11 = -0*y. What is c(n)?
3
Let j = -322 + 318. Let o(w) = 4*w**2 - 4*w + 4 - 3*w**2 - 2*w**2. Determine o(j).
4
Let i(g) be the third derivative of g**4/8 - 2*g**3/3 - g**2. Let k(a) = 15*a + 48. Let z be k(-3). What is i(z)?
5
Let j = -224 + 222. Let m(f) = f**2 - f + 1. Calculate m(j).
7
Let j(q) = q + 8. Let b(i) = -3*i - 23. Let z(l) = 3*b(l) + 8*j(l). Determine z(12).
-17
Let z(h) = h + 1. Suppose 7*i = 14*i - 28. Let b be z(i). Let a(v) = -v**3 + 4*v**2 + 4*v + 3. Calculate a(b).
-2
Let a(z) = z**2 - 16*z - 13. Let o be a(17). Suppose o*y = 3*m + 13, 4*y = -0*m + 4*m + 16. Let i(l) = 4*l**3 - l**2 - l + 1. Determine i(y).
3
Let u(y) = y**3 + 2*y**2 + 2. Let a(s) = 5*s + 218. Let x be a(-44). Let v(j) = 2*j**3 - 5*j**3 + 4*j**3 + j. Let w(b) = x*v(b) + u(b). Calculate w(2).
-2
Let d(x) = -x**3 - 4*x**2 + 4*x - 5. Let p(v) = 3*v - 45. Let m be p(14). Let n be m/(-2)*(-16)/6. Calculate d(n).
-21
Suppose -q + 17 = -3*z, -5*q + 29 - 4 = -3*z. Let x(m) = m**2 - 5*m + 5. Give x(q).
-1
Let t(d) = -d + 5. Suppose -8*n + 4*n = -4*j - 8, 0 = -5*j + 3*n - 8. Let s be (-1)/(j*1/5). Determine t(s).
0
Let m(z) = -15*z**2 + 31*z - 55. Let s(c) = 7*c**2 - 15*c + 27. Let y(k) = 6*m(k) + 13*s(k). Give y(4).
1
Let j = 1129 + -1134. Let t(o) = o**2 + 3*o + 5. Calculate t(j).
15
Let x(w) be the first derivative of w**4 + 4*w**3/3 + 3*w**2/2 + 2*w + 4. Calculate x(-2).
-20
Let a = 73 + -71. Let b(c) = 0*c - 130*c**a + 0*c + 136*c**2. Calculate b(1).
6
Suppose s + 2*p = -21, -p + 50 = -13*s + 8*s. Let z(r) = r - 7. Give z(s).
-18
Suppose -8*l - 8 = -j - 4*l, -2*j + 12 = -4*l. Let g(a) = -a**2 + 5*a + 2. Give g(j).
6
Let p(v) = -5 - 3*v**2 + 2 - 5*v + 13*v + 3*v**2 - v**2. Give p(7).
4
Suppose -5*w - 47 = -9*t + 10*t, 2*t + 49 = -5*w. Let v(i) = -i - 7. What is v(w)?
2
Let r(h) = 2*h**2 + h - 1. Let m be (-2 + (-2)/(-2))*-1. Suppose -2*f + 7 = -s - 2, 5*f = 5*s + 30. Let y = f - m. Determine r(y).
9
Let u(n) be the second derivative of 3*n**2 + 0 + 1/12*n**5 + 7/6*n**3 - n + 1/120*n**6 - 5/24*n**4. Let t(q) be the first derivative of u(q). What is t(-6)?
1
Let o = 2171 + -2165. Let u(x) be the second derivative of x**5/20 - 7*x**4/12 + 3*x**3/2 - 3*x**2/2 + x. What is u(o)?
15
Let z(f) = 4*f**2 - 5. Suppose -4*u = -3*u + 4. Let n(q) = 3*q**2 - 4. Let b(y) = u*z(y) + 5*n(y). Determine b(-1).
-1
Let g be (-27)/(-6) - 3 - 9/2. Let p(c) = -c**3 - 2*c**2 + c + 2. What is p(g)?
8
Let x(r) = -r + 9. Suppose 5*l = 2*a + 9*l - 14, -l - 4 = 3*a. Determine x(a).
12
Let z be (-4 - -1)/(9/(-6)). Let y(v) = z - 5 - v - v + v. What is y(-6)?
3
Let x(s) = -5*s + 1. Let m(j) = -2*j + 7. Let f be m(8). Let b be f/63 - (-1)/7. Let u be (-1 - b)/(4/(-8)). Calculate x(u).
-9
Let c be -2 - (2 + -2 - (9 - 9)). Suppose -3*u = -0 - 3. Let s(f) = -f**3 + f**3 + u + f**3. Give s(c).
-7
Let x(b) = b**2 + 7*b + 7. Suppose -4*h = -8*h + 12. Suppose 21 = 2*k - h*k - 5*w, -w = -3*k - 15. Determine x(k).
1
Let n(u) = -41*u + 48*u - 810 + 808. Give n(0).
-2
Let a(z) = -z + 4. Let k(w) = -24*w - 85. Let i be k(-3). Calculate a(i).
17
Let k(w) be the third derivative of -11*w**5/60 - w**4/8 - 45*w**2. Let s(y) = -y 